st the prime factors of c.
2
Let u be 2/(-2)*(-11 + 2). Suppose -2*v - 2*v + 3*o - u = 0, 3*v = 3*o - 6. Let i(r) = -r**3 - r**2 + 3*r + 3. List the prime factors of i(v).
2, 3
Let k = 9 - -6. Suppose -2*t = t + k. List the prime factors of 5/(t/(-2)) - -2.
2
Let v = 100 + -47. List the prime factors of v.
53
Suppose 30*u - 25*u - 430 = 0. What are the prime factors of u?
2, 43
Let a(h) = -6*h - 5*h**3 + 9*h**2 + 4*h**3 + 5 + 2. List the prime factors of a(8).
23
Let j(z) = -z**2 + 4*z**2 + 9*z**2. What are the prime factors of j(1)?
2, 3
What are the prime factors of (-4)/10 + 1444/10?
2, 3
Let u(v) = -36*v**3 - 3*v**2 - 4*v + 1. List the prime factors of u(-2).
3, 5, 19
Let g be 4/(-6) + 1/(-3). Let t be (-4)/10*5/g. Suppose 3*m - t*y - 3*y - 35 = 0, 2*y = -4*m + 64. List the prime factors of m.
3, 5
Let q(r) = -2*r**3 + r**2 + r + 7. List the prime factors of q(-3).
67
Let g(u) = u**2 - 3*u - 3. Suppose -k - 7 = -c, c + 14 = -3*k + 1. Suppose -2*v = -f - 1, -5*f = -c*v + 10 + 11. What are the prime factors of g(v)?
7
Let w(k) = k - 10. Let r be w(15). Let v(m) = 5*m - 2. What are the prime factors of v(r)?
23
Let q = 8 + 27. Suppose 0 = 4*g + 3*t - 8*t + 25, -10 = 5*g - 2*t. Suppose -3*k - i = -g*i - q, 3*k = 4*i + 25. What are the prime factors of k?
11
Suppose 15 = 5*c + h, h + 2 = -2*c + 5. Suppose 3*p + 2 = c*p. Suppose 0 = -p*u + 29 - 9. What are the prime factors of u?
2, 5
Let u(j) = 4*j - 6. Suppose 5*x - 45 = -4*y, 5*y = -3*x + 2*x + 30. List the prime factors of u(x).
2, 7
Suppose 14 = 2*a - 2*l, 4*l + 15 = -4*a + 3. Suppose -a*o + 3*o = 0. Suppose 2 + o = b. What are the prime factors of b?
2
Let p(a) = -115*a - 3. Let o be p(-2). Let y = 29 - o. List the prime factors of 1/(-5) - y/15.
13
Let r(v) = -v**3 - 3*v**2 + 6*v + 4. Let h = -10 - -5. What are the prime factors of r(h)?
2, 3
Let q be ((-1)/3)/((-1)/51). Let d = 18 + -27. Let u = q + d. List the prime factors of u.
2
What are the prime factors of 8/36 + 642/27?
2, 3
Let o = 101 + -19. Suppose u + o = 3*u. List the prime factors of u.
41
Let v be (-1 - 3)/(-2)*4. Let i be (3/2)/(4/v). Let n = i - -1. List the prime factors of n.
2
Suppose 0*m - 124 = 4*m. Let i = -31 + 82. Let u = m + i. What are the prime factors of u?
2, 5
Let d = -61 + 364. What are the prime factors of d?
3, 101
Suppose -5 = -l - 2. Let k(t) = 5*t - 10. Let y(d) = 1. Let j(s) = k(s) + 6*y(s). What are the prime factors of j(l)?
11
Suppose -3*j + 9 = 0, -5*u - 2*j = -4*j + 16. List the prime factors of u/14 - (-600)/84.
7
Let v(j) = 8*j - 2. Let d(k) = 9*k - 2. Let x(m) = 5*d(m) - 6*v(m). List the prime factors of x(-3).
11
Let y = -7 + 41. Suppose 2*j - 22 = -4*a, 0 = -5*a - 5*j - 4 + y. List the prime factors of a.
5
Let z(f) = -3*f + 1. Let i(p) = 10*p - 4. Let k(s) = -2*i(s) - 7*z(s). Let h be k(3). List the prime factors of 6/h + 1/2.
2
Let x(r) = -r**2 + 7*r + 11. Let u(o) = -o**2 + 7*o + 12. Let q(k) = 4*u(k) - 5*x(k). What are the prime factors of q(9)?
11
Let j = -13 - -25. List the prime factors of (-8)/(-28) - j/(-7).
2
Let j = 160 - 58. Suppose -2*w + 42 = -0*w - 2*l, -2*l = 4*w - j. What are the prime factors of w?
2, 3
Suppose 3*w + 142 = -2*j + 384, 4*w = -j + 316. What are the prime factors of w?
2, 3, 13
Let a be (-6)/(-8) + (-378)/56. List the prime factors of a/4 - (-118)/4.
2, 7
Suppose -2 = -2*m - 0. List the prime factors of 2 + m + (8 - -4).
3, 5
Suppose 0 = 2*i + 2*i - 4*v + 12, 3*i = v - 11. Suppose -9 - 5 = 2*b. Let h = i - b. List the prime factors of h.
3
Let c = 46 + 29. Suppose c = 5*i - 65. List the prime factors of i.
2, 7
Suppose -8 = -5*n + 7. Suppose 2*w - 4*u = -n*u + 13, 3*u - 42 = -3*w. List the prime factors of w.
3
Let w be (3 - 2) + (-8)/(-2). Suppose -w*n + 23 = -37. List the prime factors of n.
2, 3
Suppose j + q = -0*j - 35, 2*q + 37 = -j. Let g = -10 - j. List the prime factors of g.
23
Suppose -1 = -3*z - i + 6, z - 5*i = -3. Let w be 5 + (1 - z/1). Suppose -w*u = -0*u - 44. List the prime factors of u.
11
Suppose -4*q - 57 = 5*k - 283, 5*k + 2*q - 218 = 0. List the prime factors of k.
2, 3, 7
Let t = -9 - -9. Suppose 5*i + 5*q - 165 - 30 = 0, t = 3*i - 3*q - 99. List the prime factors of i.
2, 3
Let v = -20 + 35. Let s = v - 0. List the prime factors of s.
3, 5
Let i = -80 - -307. List the prime factors of i.
227
Suppose -16 = -7*y + 3*y. Suppose -60 = -5*a + y*h, 5 = -h - 0. List the prime factors of a.
2
Suppose 3*d + 0*d - 6 = 0. Suppose 0*q = -q + d. Suppose -q*z + 7 = -5. What are the prime factors of z?
2, 3
Let q(d) = 4*d**2 - d + 2. Let u be q(-2). What are the prime factors of 108/u + 4/(-10)?
5
Let a = 196 - 13. What are the prime factors of a?
3, 61
Suppose 4*i + 12 = 4. Let n = i + 8. What are the prime factors of (-3)/(2 - 21/n)?
2
Let t be 4/22 + (-1974)/(-33). Suppose i - 6*i + t = 0. List the prime factors of i.
2, 3
Suppose 5*g - 144 = 4*g - 4*d, 460 = 3*g - 2*d. What are the prime factors of g?
2, 19
Suppose 2 - 1 = u. Suppose -m = 5*m + 60. What are the prime factors of m/(-2)*(u - 0)?
5
Let z = 8 + -8. Let l = 3 + z. Suppose l*b - 10 = 32. List the prime factors of b.
2, 7
Let a = -16 + 14. Suppose 2*v = -9 - 11. Let q = a - v. What are the prime factors of q?
2
Let z(y) = 2*y - 2. List the prime factors of z(8).
2, 7
Let k = 1 + 24. What are the prime factors of k?
5
Let z = 56 + -34. What are the prime factors of z?
2, 11
Let v be (-9)/(-4) - 1/4. Let n = -4 + v. List the prime factors of 1*n/4*-34.
17
Suppose 0 = -4*o + 2*d + 24, 0 = -o - 0*o + 4*d + 6. Let s = -5 + 5. Suppose 0 = -5*p + 20, -v + p + s*p = -o. List the prime factors of v.
2, 5
Let r(q) = -q**3 + 8*q**2 - 7*q - 4. Suppose 5 = 2*d - 9. Let t be r(d). List the prime factors of 6 + (-3)/6*t.
2
What are the prime factors of 2/4 - (-65)/2?
3, 11
Suppose 0 = -2*b + 2*x + 2*x - 90, b - 5*x = -51. Let s = 59 + b. List the prime factors of s.
2, 3
Let x(b) = 15*b + 17. What are the prime factors of x(7)?
2, 61
Let o be 149 + 1*(-1 + -2). Let s = 221 - o. Suppose -4*u + s = u. List the prime factors of u.
3, 5
Suppose -10*q + 1032 - 62 = 0. List the prime factors of q.
97
Let s(l) = 4*l + 8. Let u be s(7). Suppose 0*m - m + u = 2*i, 4*i - m - 72 = 0. Suppose i = 4*o - o. List the prime factors of o.
2, 3
Suppose 0 = 4*x - x - 12. Suppose 0*z = -x*z + 108. What are the prime factors of z?
3
Let n be 4/(-10) + 24/(-15). Let h(a) = -2*a**3 + a. List the prime factors of h(n).
2, 7
Suppose -2*u = -8 - 0. Suppose -3*d - 33 = -3*g, g - u*d = 2*g - 26. List the prime factors of g.
2, 7
Let b(i) = 1. Let c(g) = g - 2. Let l(v) = -2*b(v) - c(v). Let z be l(8). Let q(o) = o**2 + 8*o + 7. What are the prime factors of q(z)?
7
Let q(v) = -v**2 + 8*v - 4. Suppose -4*h + z + 13 = 4*z, 2*h + z - 7 = 0. What are the prime factors of q(h)?
2, 3
List the prime factors of 1 - (2 - 45 - 0).
2, 11
Let j(y) = -y**3 - y**2. Let w(x) = -2*x**3 + 5*x**2 - 2*x + 5. Let z(c) = j(c) - w(c). Let m be z(6). Let r = -2 + m. List the prime factors of r.
5
Suppose -u = -0*u - 3, 4*d - 3*u + 1 = 0. What are the prime factors of d?
2
Suppose -3*l + 54 = -2*d, 2*l - d + 0*d = 35. What are the prime factors of l?
2
Let y(r) = r + 8. Let v be y(-8). Suppose d + 4*d + 15 = v. Let x(f) = f**3 + 3*f**2 + 3. List the prime factors of x(d).
3
Suppose c - 2*c + 4*v = -96, -12 = 3*v. What are the prime factors of c?
2, 5
Suppose -5*g + 3*h + 112 = 0, -4*h + 3 = -1. List the prime factors of g.
23
Suppose 0 = -7*t + 4*t + 243. What are the prime factors of t?
3
Let u(b) = -1. Let v(d) = d**3 + 5*d**2 + 2*d + 3. Let n(q) = -4*u(q) - v(q). Let f = -8 - -3. What are the prime factors of n(f)?
11
Suppose 2*o = -2*o - 168. List the prime factors of (-4)/2 + (2 - o).
2, 3, 7
Let f be (-174)/(-21) + (-8)/28. Suppose 2*v - f = -0*v. What are the prime factors of v?
2
Suppose 10*d - 5*d - 95 = 0. What are the prime factors of d?
19
What are the prime factors of 198*(3/6 + (0 - 0))?
3, 11
Let y = 5 - 7. Let b = 0 - y. What are the prime factors of 50/6 - b/6?
2
Let a(k) = k**2 - 4*k - 1. Let v be a(3). List the prime factors of (-25)/v + 1/(-4).
2, 3
Suppose 3*d + b = 227, -2*b = -2*d - 4*b + 150. What are the prime factors of d?
2, 19
Suppose -16 = -r + 21. What are the prime factors of r?
37
Let t = 283 - 82. List the prime fa